{"id":640,"date":"2015-09-24T14:07:31","date_gmt":"2015-09-24T14:07:31","guid":{"rendered":"http:\/\/agence-redback.fr\/clients\/maisonnum\/demo1\/?page_id=640"},"modified":"2016-11-16T15:37:03","modified_gmt":"2016-11-16T14:37:03","slug":"digital-home","status":"publish","type":"page","link":"http:\/\/maison-numerique.com\/Normande\/digital-home\/","title":{"rendered":"Digital Home"},"content":{"rendered":"<div class=\"page-seminaires-container\"><div class=\"page-seminaires\"><div class=\"page-seminaires-filigrane\">DIGITALHOME<\/div><div class=\"page-seminaires-title\">DIGITAL HOME<\/div><div class=\"page-seminaires-sep\"><\/div><div class=\"page-chapo\">Les maisons num\u00e9riques connect\u00e9es de demain devront rendre les occupants plus calmes, plus en s\u00e9curit\u00e9 et en meilleure sant\u00e9. <\/div><div class=\"page-seminaires-content\"><div class=\"page-seminaires-row\"><div class=\"page-seminaires-col-50\"><img loading=\"lazy\" decoding=\"async\" class=\"alignnone wp-image-1816\" src=\"http:\/\/maison-numerique.com\/Normande\/wp-content\/uploads\/2015\/11\/Pi\u00e8ce-jointe.jpg\" alt=\"Pi\u00e8ce-jointe\" width=\"630\" height=\"422\" srcset=\"http:\/\/maison-numerique.com\/Normande\/wp-content\/uploads\/2015\/11\/Pi\u00e8ce-jointe.jpg 550w, http:\/\/maison-numerique.com\/Normande\/wp-content\/uploads\/2015\/11\/Pi\u00e8ce-jointe-300x201.jpg 300w\" sizes=\"auto, (max-width: 630px) 100vw, 630px\" \/><br \/>\n<\/div><div class=\"page-seminaires-col-50 lblue\"><div class=\"page-seminaires-content-grey-subtitle\"><span style=\"font-size: 20px;\">La r\u00e9volution num\u00e9rique passe aussi par l&#8217;habitat.<\/span><\/div><div class=\"page-seminaires-content-grey-text\">\n<p style=\"text-align: justify;\"><strong>Une rupture dans l&#8217;organisation, les modes et les styles de vie.<\/strong> Le Digital ouvre de nouvelles opportunit\u00e9s de croissance pour le monde du b\u00e2timent, et surtout de la r\u00e9novation.<\/p>\n<p style=\"text-align: justify;\">Avec sa cohorte d\u2019objets connect\u00e9s, la domotique va prochainement offrir aux consommateurs\u00a0un<em> Tableau de bord de la maison connect\u00e9e<\/em>. Ce nouvel outil offrira aux occupants, mais aussi aux offreurs de services, un acc\u00e8s en temps r\u00e9el \u00e0 tous les \u00e9tats de l\u2019habitation (humidit\u00e9, fuites d\u2019air, isolation, \u00e9tat des\u00a0infrastructures, besoins des occupants,\u00a0 consommations\u00a0diverses<em>\u2026<\/em>).<br \/>\nPr\u00e9parer le march\u00e9 des objets connect\u00e9s du quotidien sans exp\u00e9rimenter en grandeur r\u00e9elle, n\u2019est pas envisageable. Leur simple cohabitation n\u2019est pas en effet, sans poser de probl\u00e8me. La France se positionne parmi les pionni\u00e8res du num\u00e9rique, principalement gr\u00e2ce \u00e0 des acteurs dynamiques et innovants issus du monde de l\u2019Internet. Il leur fallait des sites d\u2019exp\u00e9rimentation.<\/p>\n<p style=\"text-align: justify;\">Le Digital ouvre de nouvelles opportunit\u00e9s de croissance pour le monde du b\u00e2timent et surtout de la r\u00e9novation. C&#8217;est une rupture<strong> dans l&#8217;organisation, les modes et les styles de vie.<\/strong><\/p>\n<p style=\"text-align: justify;\"><span style=\"line-height: 1.5;\"><\/div><\/span><\/p>\n<p><span style=\"line-height: 1.5;\"><\/div><\/div><\/span><\/div><\/div><\/div>\n<div class=\"page-seminaires-bottom-container\"><div class=\"page-seminaires-bottom-content\"><div class=\"page-seminaires-bottom-subtitle\">Le num\u00e9rique transforme le b\u00e2timent, ses usages, ses fonctions et notre cadre de vie<\/div><div class=\"page-seminaires-bottom-col-75\">\n<div style=\"padding-right: 40px; padding-top: 40px;\">\n<p style=\"text-align: justify;\">Les nouvelles cam\u00e9ras thermiques identifient les zones \u00ab \u00a0froides\u00a0\u00bb et \u00ab\u00a0chaudes\u00a0\u00bb.<\/p>\n<p style=\"text-align: justify;\">Elles enregistrent les\u00a0rayonnements infrarouges (ondes\u00a0de\u00a0chaleur) \u00e9mis par les corps et qui varient en fonction de leur\u00a0temp\u00e9rature.<\/p>\n<p style=\"text-align: justify;\">Elle reproduit la chaleur emmagasin\u00e9e par un corps, ou montre le flux thermique d\u2019une paroi en raison d\u2019un foyer se trouvant \u00e0 l\u2019arri\u00e8re. Les vitres, ainsi que les parties\u00a0m\u00e9talliques\u00a0polies, refl\u00e8tent l\u2019image thermique, tel un miroir.<\/p>\n<p style=\"text-align: justify;\">Les cam\u00e9ras se contentent de produire une image de l\u2019intensit\u00e9 du rayonnement, qui permet \u00e9galement d\u2019appr\u00e9cier la temp\u00e9rature de la source.<\/p>\n<p style=\"text-align: justify;\">La couleur produite par la cam\u00e9ra est une\u00a0fausse couleur, obtenue en associant une couleur \u00e0 l\u2019intensit\u00e9 re\u00e7ue, afin de faciliter la lecture directe de la temp\u00e9rature\u00a0: \u00e0 chaque couleur de l\u2019image correspond une temp\u00e9rature.<\/p>\n<\/div>\n<\/div><div class=\"page-seminaires-bottom-col-25\"><img loading=\"lazy\" decoding=\"async\" class=\"alignnone wp-image-1547\" src=\"http:\/\/maison-numerique.com\/Normande\/wp-content\/uploads\/2015\/11\/cam\u00e9ra-thermique-montage-2.jpg\" alt=\"cam\u00e9ra-thermique-montage-2\" width=\"175\" height=\"261\" srcset=\"http:\/\/maison-numerique.com\/Normande\/wp-content\/uploads\/2015\/11\/cam\u00e9ra-thermique-montage-2.jpg 320w, http:\/\/maison-numerique.com\/Normande\/wp-content\/uploads\/2015\/11\/cam\u00e9ra-thermique-montage-2-201x300.jpg 201w\" sizes=\"auto, (max-width: 175px) 100vw, 175px\" \/><\/p>\n<\/div><\/div><\/div>\n<div class=\"page-missions-bottom-container\"><div class=\"page-missions-subtitle\">EUROPEAN LIVING LAB<\/div>\n<div class=\"page-missions-content\"><div class=\"page-missions-text\">\n<p style=\"text-align: justify;\"><div class=\"page-missions-col-70\">C&#8217;est le 26 ao\u00fbt 2015 \u00e0 Istanbul que la Maison Num\u00e9rique Connect\u00e9e Normande a\u00a0\u00e9t\u00e9\u00a0accr\u00e9dit\u00e9e <strong>European<\/strong> <strong>Living<\/strong> <strong>Lab<\/strong> \u00e0 Istanbul par l&#8217;organisme europ\u00e9en Enoll comme <strong>Digital Home Living Lab ( DHLL).<\/strong><\/p>\n<p style=\"text-align: justify;\"><strong>DHLL <\/strong>devient un contributeur d&#8217;ENoll et de ses membres.<\/p>\n<p style=\"text-align: justify;\"><strong>Digital Home Living Lab &#8211;<\/strong> DHLL is a contributor to ENoLL by providing to other Living Labs our experience in the smart building sector. The french organisation \u2013 PHI 14 \u2013 envisage to host IoT experimentations coming from other ENoLL Living Labs.<br \/>\nThe French Association is interested to participate more specifically in groups working on smart cities and also on health sector (The Health Living Labs Special Interest Group). Within the francophone network of Living Labs in relation with France Living Labs and ENoLL.<\/p>\n<p>&nbsp;<\/p>\n<p style=\"text-align: justify;\"><\/div><div class=\"page-missions-col-30\"><img loading=\"lazy\" decoding=\"async\" class=\"wp-image-636 aligncenter\" src=\"http:\/\/maison-numerique.com\/Normande\/wp-content\/uploads\/2015\/09\/diplome-living-lab-e1443102947202.jpg\" alt=\"diplome-living-lab\" width=\"284\" height=\"200\" \/><\/p>\n<p style=\"text-align: justify;\"><a href=\"http:\/\/maison-numerique.com\/Normande\/2015\/09\/24\/diplome-digital-home-living-lab\/\">Accr\u00e9ditation European Digital Home Living Lab<\/a><\/p>\n<p style=\"text-align: justify;\"><\/div>\n<p style=\"text-align: justify;\"><\/div><\/div>\n<p style=\"text-align: justify;\"><div class=\"page-missions-content grey\">\n<h2 style=\"text-align: center;\">Situation<\/h2>\n<p style=\"text-align: justify;\"><div class=\"page-missions-col-50\">\n<p style=\"text-align: justify;\">DHLL is hosted in a real house fully decorated and furnished, situated in a village in Normandy. (2 hours from Paris). The site consists of several buildings (dwelling, storage\u2026). It spreads on about 8000 m<sup>2<\/sup> of land.<\/p>\n<p style=\"text-align: justify;\">The property is situated 8 minutes from Pont-l\u2019\u00c9v\u00eaque and less than 20 minutes from Trouville-Deauville.<\/p>\n<p style=\"text-align: justify;\">The house is an authentic norman mansion from the 18th century. It is fully equipped with technological innovative products in the fields of home automation and IoT (Internet of Things).<\/p>\n<p style=\"text-align: left;\"><\/div><div class=\"page-missions-col-50\">\n<p style=\"text-align: justify;\">Around 120 technical innovative @ connected products, systems and prototypes are showcased and can also be tested by consumers and installers. Following domains are covered: communication networks, intelligent heating management, remote monitoring and control of security, comfort (air quality and ambiences), control of automation (gate, locks), health surveillance, multiroom distribution of sound and images, robotics, climatology, interactive habitat, digital arts, etc.<\/p>\n<p style=\"text-align: justify;\">Feedbacks from experimenters about uses, friendliness, ergonomy, design are solicited so that products and devices can be constantly ameliorated in a co-design approach.<\/p>\n<p style=\"text-align: justify;\"><\/div><\/div>\n<p style=\"text-align: justify;\"><div class=\"page-missions-content grey\">\n<h2 style=\"text-align: center;\"><strong>Characteristics<\/strong><\/h2>\n<p>&nbsp;<\/p>\n<p style=\"text-align: justify;\"><div class=\"page-missions-col-50\">\n<h2 style=\"text-align: center;\"><\/h2>\n<ul style=\"text-align: justify;\">\n<li><strong>Unique\/special characteristics<\/strong><\/li>\n<\/ul>\n<p>&nbsp;<\/p>\n<p style=\"text-align: justify;\">The Living Lab provides truly real-life contexts for experimentations of technical systems and solutions as it is constituted by an authentic house. Thus the house itself regroups several thematic testbeds in which live scenarios can be implemented.<\/p>\n<p style=\"text-align: justify;\">Examples of experimentations:<\/p>\n<p style=\"text-align: justify;\">o New smart electric meters located at the boundary of the property (with sniffer and sensor) to avoid overheating and fire;<\/p>\n<p style=\"text-align: justify;\">o Integration of systems for senior people: automatic lock (Okidokeys) coupled to a motorized gate, to external lighting, to the alarm\u2026 with scenarios \u201cI\u2019m leaving\u201d and \u201cI\u2019m coming back\u201d suitable for elderly, disabled people, etc.<\/p>\n<p>&nbsp;<\/p>\n<ul>\n<li style=\"text-align: justify;\"><strong>Important real-life\/work environment(s) and our LL arrangements to achieve \u201crealism\u201d<\/strong><\/li>\n<\/ul>\n<p>&nbsp;<\/p>\n<p style=\"text-align: justify;\">o Being hosted in a real house, the Digital Home Living Lab is naturally very realistic<\/p>\n<p style=\"text-align: justify;\">o Moreover, all equipments inside the house (furniture, decoration, accessories, etc.) are real in order to achieve utmost realism.<\/p>\n<p style=\"text-align: justify;\">o According to the categories of users who are involved, specific sets and accessories are brought in, and specific scenarios are designed so that people feel \u201cat home\u201d.<\/p>\n<p style=\"text-align: justify;\"><\/div><div class=\"page-missions-col-50\">\n<ul style=\"text-align: justify;\">\n<li><strong>How actively and deeply users are involved in our LL activities<\/strong><\/li>\n<\/ul>\n<p>&nbsp;<\/p>\n<p style=\"text-align: justify;\">We intend to receive professional and end-users who will come in groups. Under our guidance, they will test products and systems presented and give feedbacks.<\/p>\n<p style=\"text-align: justify;\">Several types of user communities are targeted:<\/p>\n<p style=\"text-align: justify;\">o Young people \/ couples who have the project of acquiring a new home<\/p>\n<p style=\"text-align: justify;\">o Retired couples and elderly people (in search of more comfort and e-health solutions)<\/p>\n<p style=\"text-align: justify;\">o House builders<\/p>\n<p style=\"text-align: justify;\">o Installers \/ integrators \/ smart home specialists<\/p>\n<p style=\"text-align: justify;\">o Housewives (to get their feedbacks regarding HMI)<\/p>\n<p style=\"text-align: justify;\">o Children<\/p>\n<p style=\"text-align: justify;\">o Handicapped people<\/p>\n<p style=\"text-align: justify;\"><\/div>\n<p style=\"text-align: justify;\"><\/div>\n<p style=\"text-align: justify;\"><div class=\"page-missions-content grey\">\n<h2 style=\"text-align: center;\">Organisation<\/h2>\n<p>&nbsp;<\/p>\n<p style=\"text-align: justify;\"><div class=\"page-missions-col-50\">\n<h2 style=\"text-align: center;\"><\/h2>\n<ul style=\"text-align: justify;\">\n<li><strong>Most important actors within our ecosystem:<\/strong><\/li>\n<\/ul>\n<p>&nbsp;<\/p>\n<p style=\"text-align: justify;\">o Around 50 technological companies specialized in home automation and Internet of Things are already members of our Living Lab. Among well-known companies: Velux, Grohe, Honeywell, GE, Bosch, Legrand, Mitsubishi Electric, Somfy, etc.<\/p>\n<p style=\"text-align: justify;\">o Our ecosystem also includes such actors as installers, distributors, subcontractors, architects, engineers in the building sector, sociologists, associations in the housing sector, research centers, universities, etc.<\/p>\n<ul style=\"text-align: justify;\">\n<li><strong>Main experts involved in the Digital Home Living Lab:<\/strong><\/li>\n<\/ul>\n<p>&nbsp;<\/p>\n<p style=\"text-align: justify;\">o Bruno de Latour: Bruno is a recognized expert in the field of domotics (home automation) with more than 30 years of experience. For example, in 1988, he has organized, during 3 years, an important exhibition in Paris called \u201cthe House of the Future\u201d with 57 European compagnies in La D\u00e9fense. He has successfully developed activities and projects as journalist, (publisher of the first European Newsletter \u201cDomotique News\u201d (1988) and \u201cDomotique Magazine\u201d on Home automation in 1993), consultant, author, speaker, entrepreneur. Bruno is now the President of the PHI Association which manages DHLL.<\/p>\n<p style=\"text-align: justify;\">o Anne-Marie Sargueil: trained in social studies, Anne-Marie has always been interested by the design sector. She is the President of the Institut Fran\u00e7ais du Design since January 2014. The Institut Fran\u00e7ais du Design regularly organizes evaluation sessions in which products can be distinguished and be awarded a design label.<\/p>\n<p style=\"text-align: justify;\">o Eric Seulliet: an expert in innovation, co-creation, marketing, Eric is the President of La Fabrique du Futur (an ENoLL Living Lab, CEO of Discovery Innovation Lab, Vice-President of France Living Labs).<\/p>\n<p style=\"text-align: justify;\"><\/div><div class=\"page-missions-col-50\">\n<ul>\n<li style=\"text-align: justify;\"><strong>Governance and management of our LL:<\/strong><\/li>\n<\/ul>\n<p>&nbsp;<\/p>\n<p style=\"text-align: justify;\">DHLL is managed under the auspices of the PHI Association. As all associations it has a Bureau composed of 3 people: President (Mr Bruno de Latour), Secretary (Mr Pierre Pougnaud) and Treasurer (Mr Denis Lepeu) for conducting management and administrative tasks. A majority of exhibitors in DHLL are members of PHI 14.<\/p>\n<p style=\"text-align: justify;\">PHI also regroups an assembly of members and has two Committees:<\/p>\n<p style=\"text-align: justify;\">o the Executive Committee (in charge of strategy): it is in charge of elaborating the strategy, of designing the different offers of DHL, of expanding DHLL in different part of France\/Europe, of finding new investors and collaborations.<\/p>\n<p style=\"text-align: justify;\">o the Scientific Committee (an advisory board providing advices): it is composed of futurists and researchers. Its role is to prepare the future products\/systems\/services with a user-centric approach.<\/p>\n<p style=\"text-align: justify;\">Many start up participate to DHLL (e-sylife, Oledcom, etc.) and are proud to collaborate with other well-known larger corporations (Somfy, Philips, Bosch, etc.). All the DHLL participants are very satisfied to meet other actors, and by this way, to develop different services and demonstrations\u2026 Mutual collaborations through the DHLL members as lighting with security, as automation with security, as energy with automation and son on\u2026 senior economy.<\/p>\n<ul style=\"text-align: justify;\">\n<li><strong>Openness for new investors\/partners:<\/strong><\/li>\n<\/ul>\n<p>&nbsp;<\/p>\n<p>As an open association, PHI is open to welcome sponsors and members as long as they share same interests for connected homes.<\/p>\n<\/div><\/div><\/div>\n","protected":false},"excerpt":{"rendered":"DIGITALHOMEDIGITAL HOMELes maisons num\u00e9riques connect\u00e9es de demain devront rendre les occupants plus calmes, plus en s\u00e9curit\u00e9 et en meilleure sant\u00e9. La r\u00e9volution num\u00e9rique passe aussi par l'habitat. Une rupture dans l'organisation, les modes et les styles de vie. Le Digital ouvre de nouvelles opportunit\u00e9s de croissance pour le monde du b\u00e2timent, et surtout de la [...]","protected":false},"author":1,"featured_media":0,"parent":0,"menu_order":0,"comment_status":"closed","ping_status":"closed","template":"","meta":{"_monsterinsights_skip_tracking":false,"_monsterinsights_sitenote_active":false,"_monsterinsights_sitenote_note":"","_monsterinsights_sitenote_category":0,"footnotes":""},"class_list":["post-640","page","type-page","status-publish","hentry"],"_links":{"self":[{"href":"http:\/\/maison-numerique.com\/Normande\/wp-json\/wp\/v2\/pages\/640","targetHints":{"allow":["GET"]}}],"collection":[{"href":"http:\/\/maison-numerique.com\/Normande\/wp-json\/wp\/v2\/pages"}],"about":[{"href":"http:\/\/maison-numerique.com\/Normande\/wp-json\/wp\/v2\/types\/page"}],"author":[{"embeddable":true,"href":"http:\/\/maison-numerique.com\/Normande\/wp-json\/wp\/v2\/users\/1"}],"replies":[{"embeddable":true,"href":"http:\/\/maison-numerique.com\/Normande\/wp-json\/wp\/v2\/comments?post=640"}],"version-history":[{"count":22,"href":"http:\/\/maison-numerique.com\/Normande\/wp-json\/wp\/v2\/pages\/640\/revisions"}],"predecessor-version":[{"id":2494,"href":"http:\/\/maison-numerique.com\/Normande\/wp-json\/wp\/v2\/pages\/640\/revisions\/2494"}],"wp:attachment":[{"href":"http:\/\/maison-numerique.com\/Normande\/wp-json\/wp\/v2\/media?parent=640"}],"curies":[{"name":"wp","href":"https:\/\/api.w.org\/{rel}","templated":true}]}}