{"id":781,"date":"2015-09-29T11:48:58","date_gmt":"2015-09-29T11:48:58","guid":{"rendered":"http:\/\/agence-redback.fr\/clients\/maisonnum\/demo1\/?page_id=781"},"modified":"2018-11-27T05:40:25","modified_gmt":"2018-11-27T04:40:25","slug":"sante","status":"publish","type":"page","link":"http:\/\/maison-numerique.com\/Normande\/sante\/","title":{"rendered":"Sant\u00e9"},"content":{"rendered":"<div class=\"page-objets-col-60\">\n<h2 style=\"text-align: center; font-size: 28px;\">DES USAGES&#8230;\u00a0 &amp; DES SERVICES<\/h2>\n<h3>La sant\u00e9\u00a0dans la la Maison Num\u00e9rique Connect\u00e9e Normande<\/h3>\n<p style=\"text-align: justify;\">Surveiller sa sant\u00e9 n\u2019est plus l\u2019apanage du m\u00e9decin. Les objets connect\u00e9s nous permettent de b\u00e9n\u00e9ficier d\u2019un syst\u00e8me d\u2019alerte, d\u00e9clench\u00e9 en fonction des variations de poids du patient. En Auvergne, le programme Cardiauvergne, lanc\u00e9 en septembre 2011, a fait ses preuves. Environ 500 patients sont suivis, et le programme a r\u00e9pondu \u00e0 plus de 600 alertes. Les donn\u00e9es recueillies, quant au poids et \u00e0 l\u2019\u00e9tat de sant\u00e9 du patient, sont envoy\u00e9es \u00e0 la cellule de coordination compos\u00e9e de professionnels de sant\u00e9. Cette cellule de coordination est en contact direct avec un vaste r\u00e9seau de pharmacies, le service des urgences et une infirmi\u00e8re attitr\u00e9e et \u00e9quip\u00e9e d\u2019un smartphone, sur lequel elle re\u00e7oit les donn\u00e9es du malade. Suite \u00e0 une alerte, les mesures prises par la cellule de coordination peuvent varier d\u2019un simple appel t\u00e9l\u00e9phonique au patient, \u00e0 l\u2019envoi d\u2019une infirmi\u00e8re ou d\u2019un docteur \u00e0 son domicile ou, dans le pire des cas, \u00e0 une hospitalisation d\u2019urgence.<\/p>\n<p style=\"text-align: justify;\">On estime \u00e0 200 millions le nombre de personnes \u00e0 travers le monde souffrant d\u2019une pathologie qui pourrait \u00eatre trait\u00e9e gr\u00e2ce \u00e0 la t\u00e9l\u00e9m\u00e9decine. \u00c0 l\u2019heure actuelle, seul 1% de ces malades seraient \u00e9quip\u00e9s d\u2019une solution M2M, laissant entrevoir de r\u00e9elles opportunit\u00e9s de d\u00e9veloppement.<\/p>\n<p style=\"text-align: justify;\">Trois pathologies\u00a0disposent aujourd\u2019hui de solutions de surveillance \u00e0 distance tr\u00e8s abouties\u00a0: le diab\u00e8te, les d\u00e9faillances cardiaques et l\u2019apn\u00e9e du sommeil. Il est clair que la m\u00e9decine connect\u00e9e dispose de r\u00e9els arguments pour s\u2019imposer au plus grand nombre. Le succ\u00e8s de l\u2019e-sant\u00e9 pousse d\u2019ailleurs les assurances \u00e0 investir dans la recherche. Ainsi au sein de la grande universit\u00e9 am\u00e9ricaine, Carnegie Mellon, une cellule de R&amp;D fonctionne en partenariat avec une assurance maladie. Les objets connect\u00e9s peuvent apporter beaucoup \u00e0 l\u2019environnement m\u00e9dical, encore faudrait-il savoir en exprimer le potentiel au sein d\u2019\u00e9cosyst\u00e8me de soin. Doro, leader des t\u00e9l\u00e9coms simplifi\u00e9es, vient de conclure un partenariat avec la soci\u00e9t\u00e9 Withings. Les derni\u00e8res offres domotiques, comme celle d\u2019Archos, int\u00e8grent la sant\u00e9, avec un bracelet de coaching sportif. Le Samsung 5 dispose, quant \u00e0 lui, d\u2019un capteur cardiaque. Autant dire que tout un \u00e9cosyst\u00e8me autour du bien-\u00eatre et de la sant\u00e9 est en train de se cr\u00e9er.<\/p>\n<p style=\"text-align: justify;\"><span style=\"line-height: 1.5;\"><\/div><\/span><\/p>\n<div class=\"page-objets-col-40\"><img loading=\"lazy\" decoding=\"async\" class=\"alignnone wp-image-1523\" src=\"http:\/\/maison-numerique.com\/Normande\/wp-content\/uploads\/2015\/11\/bracelet-i-health.png\" alt=\"bracelet-i-health\" width=\"313\" height=\"313\" srcset=\"http:\/\/maison-numerique.com\/Normande\/wp-content\/uploads\/2015\/11\/bracelet-i-health.png 500w, http:\/\/maison-numerique.com\/Normande\/wp-content\/uploads\/2015\/11\/bracelet-i-health-150x150.png 150w, http:\/\/maison-numerique.com\/Normande\/wp-content\/uploads\/2015\/11\/bracelet-i-health-300x300.png 300w\" sizes=\"auto, (max-width: 313px) 100vw, 313px\" \/><\/div>\n<div class=\"adherer\">N&#8217;h\u00e9sitez pas \u00e0 adh\u00e9rer \u00e0 l&#8217;association !<br \/>\n<a href=\"http:\/\/maison-numerique.com\/Normande\/wp-content\/uploads\/2018\/11\/PHI14_BulletinAdhesion2019.pdf\" target=\"_blank\"><\/p>\n<div class=\"button-adherer\">Adh\u00e9rer<\/div>\n<p><\/a>\n<\/div>\n","protected":false},"excerpt":{"rendered":"<p>N&#8217;h\u00e9sitez pas \u00e0 adh\u00e9rer \u00e0 l&#8217;association ! Adh\u00e9rer<\/p>\n","protected":false},"author":1,"featured_media":0,"parent":0,"menu_order":0,"comment_status":"closed","ping_status":"closed","template":"page-sante.php","meta":{"_monsterinsights_skip_tracking":false,"_monsterinsights_sitenote_active":false,"_monsterinsights_sitenote_note":"","_monsterinsights_sitenote_category":0,"footnotes":""},"class_list":["post-781","page","type-page","status-publish","hentry"],"_links":{"self":[{"href":"http:\/\/maison-numerique.com\/Normande\/wp-json\/wp\/v2\/pages\/781","targetHints":{"allow":["GET"]}}],"collection":[{"href":"http:\/\/maison-numerique.com\/Normande\/wp-json\/wp\/v2\/pages"}],"about":[{"href":"http:\/\/maison-numerique.com\/Normande\/wp-json\/wp\/v2\/types\/page"}],"author":[{"embeddable":true,"href":"http:\/\/maison-numerique.com\/Normande\/wp-json\/wp\/v2\/users\/1"}],"replies":[{"embeddable":true,"href":"http:\/\/maison-numerique.com\/Normande\/wp-json\/wp\/v2\/comments?post=781"}],"version-history":[{"count":4,"href":"http:\/\/maison-numerique.com\/Normande\/wp-json\/wp\/v2\/pages\/781\/revisions"}],"predecessor-version":[{"id":3209,"href":"http:\/\/maison-numerique.com\/Normande\/wp-json\/wp\/v2\/pages\/781\/revisions\/3209"}],"wp:attachment":[{"href":"http:\/\/maison-numerique.com\/Normande\/wp-json\/wp\/v2\/media?parent=781"}],"curies":[{"name":"wp","href":"https:\/\/api.w.org\/{rel}","templated":true}]}}